{"id":3698,"date":"2020-01-24T11:08:19","date_gmt":"2020-01-24T10:08:19","guid":{"rendered":"http:\/\/timelinereunion.com\/?page_id=3698"},"modified":"2022-06-23T14:09:53","modified_gmt":"2022-06-23T12:09:53","slug":"qui-suis-je","status":"publish","type":"page","link":"https:\/\/timelinereunion.com\/index.php\/qui-suis-je\/","title":{"rendered":"Qui suis-je?"},"content":{"rendered":"\n<figure class=\"wp-block-gallery has-nested-images columns-default is-cropped wp-block-gallery-1 is-layout-flex wp-block-gallery-is-layout-flex\">\n<figure class=\"wp-block-image size-large\"><img loading=\"lazy\" decoding=\"async\" width=\"738\" height=\"1024\" data-id=\"3963\" src=\"https:\/\/timelinereunion.com\/wp-content\/uploads\/2022\/06\/267019035_336844344561090_1159583225164307365_n-738x1024.jpg\" alt=\"\" class=\"wp-image-3963\" srcset=\"https:\/\/timelinereunion.com\/wp-content\/uploads\/2022\/06\/267019035_336844344561090_1159583225164307365_n-738x1024.jpg 738w, https:\/\/timelinereunion.com\/wp-content\/uploads\/2022\/06\/267019035_336844344561090_1159583225164307365_n-216x300.jpg 216w, https:\/\/timelinereunion.com\/wp-content\/uploads\/2022\/06\/267019035_336844344561090_1159583225164307365_n-768x1066.jpg 768w, https:\/\/timelinereunion.com\/wp-content\/uploads\/2022\/06\/267019035_336844344561090_1159583225164307365_n-1106x1536.jpg 1106w, https:\/\/timelinereunion.com\/wp-content\/uploads\/2022\/06\/267019035_336844344561090_1159583225164307365_n-84x116.jpg 84w, https:\/\/timelinereunion.com\/wp-content\/uploads\/2022\/06\/267019035_336844344561090_1159583225164307365_n.jpg 1383w\" sizes=\"auto, (max-width: 738px) 100vw, 738px\" \/><\/figure>\n<\/figure>\n\n\n\n<p class=\"has-very-dark-gray-color has-text-color\">Passionn\u00e9 d\u2019images et de cin\u00e9ma, je me consid\u00e8re comme un \u00ab artistan \u00bb (Artisan et Artiste). Tout d\u2019abord journaliste sportif, reporter et r\u00e9dacteur \u00e0 la fin des ann\u00e9es 90, mon exp\u00e9rience durant les ann\u00e9es 2000 a toujours gravit\u00e9 autour du montage, cadrage et de la r\u00e9alisation de films, de spots en m\u00e9tropole. Arriv\u00e9 sur l\u2019\u00eele de La R\u00e9union en 2010 j\u2019ai cr\u00e9\u00e9 le site Lifestyle974.com site journalistique sp\u00e9cialis\u00e9 dans les sports extr\u00eames (reportages, portraits, interviews, documentaires, spots&#8230;.) et ai r\u00e9alis\u00e9 diff\u00e9rents documentaires.<\/p>\n\n\n\n<p class=\"has-very-dark-gray-color has-text-color\">Timeline est l\u2019aboutissement de ma passion pour l\u2019image et ma volont\u00e9 de mettre mon exp\u00e9rience, ma technique et ma fibre artistique au profit de votre entreprise. Projets auxquels je saurai apporter un regard, un rythme, une sensibilit\u00e9, une certaine cr\u00e9ativit\u00e9 et une technique parfaitement adapt\u00e9s \u00e0 vos besoins et vos attentes &#8230;. Vid\u00e9aste tout-terrain vous pouvez retrouver quelques exemples de production sur ma cha\u00eene <a rel=\"noreferrer noopener\" href=\"https:\/\/www.youtube.com\/channel\/UCEQB7j3vZOowScLlL-r_zvg\" target=\"_blank\">Youtube.<\/a><\/p>\n\n\n\n<p class=\"has-very-dark-gray-color has-text-color\"><a href=\"https:\/\/www.facebook.com\/timelineproductionaudiovisuelle\" target=\"_blank\" rel=\"noreferrer noopener\">TIMELINE<\/a> est une soci\u00e9t\u00e9 de production audiovisuelle destin\u00e9e \u00e0 l\u2019entreprise et\/ou au particulier. A elle seule Timeline imagine, propose, r\u00e9alise, cadre et monte tous vos projets:<\/p>\n\n\n\n<ul class=\"wp-block-list\"><li><mark style=\"background-color:rgba(0, 0, 0, 0)\" class=\"has-inline-color has-very-dark-gray-color\">T\u00e9l\u00e9 pilote certifi\u00e9 drone ( photo &amp; vid\u00e9o)<\/mark><\/li><li><mark style=\"background-color:rgba(0, 0, 0, 0)\" class=\"has-inline-color has-very-dark-gray-color\">Spots publicitaires<\/mark><\/li><li><mark style=\"background-color:rgba(0, 0, 0, 0)\" class=\"has-inline-color has-very-dark-gray-color\">Pack Shots<\/mark><\/li><li><mark style=\"background-color:rgba(0, 0, 0, 0)\" class=\"has-inline-color has-very-dark-gray-color\">Films institutionnels<\/mark><\/li><li><mark style=\"background-color:rgba(0, 0, 0, 0)\" class=\"has-inline-color has-very-dark-gray-color\">Ev\u00e8nements internes (Team Building, Soir\u00e9e entreprise)<\/mark><\/li><li><mark style=\"background-color:rgba(0, 0, 0, 0)\" class=\"has-inline-color has-very-dark-gray-color\">Ev\u00e9nements externes (Salons, Forums, Festivals, Conf\u00e9rences&#8230;etc)<\/mark><\/li><li><mark style=\"background-color:rgba(0, 0, 0, 0)\" class=\"has-inline-color has-very-dark-gray-color\">Documentaires<\/mark><\/li><li><mark style=\"background-color:rgba(0, 0, 0, 0)\" class=\"has-inline-color has-very-dark-gray-color\">Reportages<\/mark><\/li><li><mark style=\"background-color:rgba(0, 0, 0, 0)\" class=\"has-inline-color has-very-dark-gray-color\">Clips vid\u00e9o<\/mark><\/li><li><mark style=\"background-color:rgba(0, 0, 0, 0)\" class=\"has-inline-color has-very-dark-gray-color\">Courts et longs m\u00e9trages..<\/mark><\/li><li><mark style=\"background-color:rgba(0, 0, 0, 0)\" class=\"has-inline-color has-very-dark-gray-color\">Captation d\u2019images<\/mark><\/li><li><mark style=\"background-color:rgba(0, 0, 0, 0)\" class=\"has-inline-color has-very-dark-gray-color\">Cr\u00e9ateur de contenus pour la t\u00e9l\u00e9vision, le cin\u00e9ma, le web, les r\u00e9seaux sociaux&#8230; <\/mark><\/li><li><mark style=\"background-color:rgba(0, 0, 0, 0)\" class=\"has-inline-color has-very-dark-gray-color\">Vos besoins sont mes id\u00e9es !<\/mark><\/li><\/ul>\n","protected":false},"excerpt":{"rendered":"<p>Passionn\u00e9 d\u2019images et de cin\u00e9ma, je me consid\u00e8re comme un \u00ab artistan \u00bb (Artisan et Artiste). Tout d\u2019abord journaliste sportif, reporter et r\u00e9dacteur \u00e0 la fin des ann\u00e9es 90, mon exp\u00e9rience durant les ann\u00e9es 2000 a toujours gravit\u00e9 autour du montage, cadrage et de la r\u00e9alisation de films, de spots en m\u00e9tropole. Arriv\u00e9 sur l\u2019\u00eele de La R\u00e9union en 2010 j\u2019ai cr\u00e9\u00e9 le site Lifestyle974.com site journalistique sp\u00e9cialis\u00e9 dans les sports extr\u00eames (reportages, portraits, interviews, documentaires, spots&#8230;.) et ai r\u00e9alis\u00e9&hellip;<\/p>\n","protected":false},"author":1,"featured_media":0,"parent":0,"menu_order":0,"comment_status":"closed","ping_status":"closed","template":"","meta":{"footnotes":""},"class_list":["post-3698","page","type-page","status-publish","hentry"],"_links":{"self":[{"href":"https:\/\/timelinereunion.com\/index.php\/wp-json\/wp\/v2\/pages\/3698","targetHints":{"allow":["GET"]}}],"collection":[{"href":"https:\/\/timelinereunion.com\/index.php\/wp-json\/wp\/v2\/pages"}],"about":[{"href":"https:\/\/timelinereunion.com\/index.php\/wp-json\/wp\/v2\/types\/page"}],"author":[{"embeddable":true,"href":"https:\/\/timelinereunion.com\/index.php\/wp-json\/wp\/v2\/users\/1"}],"replies":[{"embeddable":true,"href":"https:\/\/timelinereunion.com\/index.php\/wp-json\/wp\/v2\/comments?post=3698"}],"version-history":[{"count":16,"href":"https:\/\/timelinereunion.com\/index.php\/wp-json\/wp\/v2\/pages\/3698\/revisions"}],"predecessor-version":[{"id":3964,"href":"https:\/\/timelinereunion.com\/index.php\/wp-json\/wp\/v2\/pages\/3698\/revisions\/3964"}],"wp:attachment":[{"href":"https:\/\/timelinereunion.com\/index.php\/wp-json\/wp\/v2\/media?parent=3698"}],"curies":[{"name":"wp","href":"https:\/\/api.w.org\/{rel}","templated":true}]}}

<figure class="wp-block-gallery has-nested-images columns-default is-cropped wp-block-gallery-1 is-layout-flex wp-block-gallery-is-layout-flex">
<figure class="wp-block-image size-large"><img loading="lazy" decoding="async" width="738" height="1024" data-id="3963" src="https://timelinereunion.com/wp-content/uploads/2022/06/267019035_336844344561090_1159583225164307365_n-738x1024.jpg" alt="" class="wp-image-3963" srcset="https://timelinereunion.com/wp-content/uploads/2022/06/267019035_336844344561090_1159583225164307365_n-738x1024.jpg 738w, https://timelinereunion.com/wp-content/uploads/2022/06/267019035_336844344561090_1159583225164307365_n-216x300.jpg 216w, https://timelinereunion.com/wp-content/uploads/2022/06/267019035_336844344561090_1159583225164307365_n-768x1066.jpg 768w, https://timelinereunion.com/wp-content/uploads/2022/06/267019035_336844344561090_1159583225164307365_n-1106x1536.jpg 1106w, https://timelinereunion.com/wp-content/uploads/2022/06/267019035_336844344561090_1159583225164307365_n-84x116.jpg 84w, https://timelinereunion.com/wp-content/uploads/2022/06/267019035_336844344561090_1159583225164307365_n.jpg 1383w" sizes="auto, (max-width: 738px) 100vw, 738px" /></figure>
</figure>



<p class="has-very-dark-gray-color has-text-color">Passionné d’images et de cinéma, je me considère comme un « artistan » (Artisan et Artiste). Tout d’abord journaliste sportif, reporter et rédacteur à la fin des années 90, mon expérience durant les années 2000 a toujours gravité autour du montage, cadrage et de la réalisation de films, de spots en métropole. Arrivé sur l’île de La Réunion en 2010 j’ai créé le site Lifestyle974.com site journalistique spécialisé dans les sports extrêmes (reportages, portraits, interviews, documentaires, spots&#8230;.) et ai réalisé différents documentaires.</p>



<p class="has-very-dark-gray-color has-text-color">Timeline est l’aboutissement de ma passion pour l’image et ma volonté de mettre mon expérience, ma technique et ma fibre artistique au profit de votre entreprise. Projets auxquels je saurai apporter un regard, un rythme, une sensibilité, une certaine créativité et une technique parfaitement adaptés à vos besoins et vos attentes &#8230;. Vidéaste tout-terrain vous pouvez retrouver quelques exemples de production sur ma chaîne <a rel="noreferrer noopener" href="https://www.youtube.com/channel/UCEQB7j3vZOowScLlL-r_zvg" target="_blank">Youtube.</a></p>



<p class="has-very-dark-gray-color has-text-color"><a href="https://www.facebook.com/timelineproductionaudiovisuelle" target="_blank" rel="noreferrer noopener">TIMELINE</a> est une société de production audiovisuelle destinée à l’entreprise et/ou au particulier. A elle seule Timeline imagine, propose, réalise, cadre et monte tous vos projets:</p>



<ul class="wp-block-list"><li><mark style="background-color:rgba(0, 0, 0, 0)" class="has-inline-color has-very-dark-gray-color">Télé pilote certifié drone ( photo &amp; vidéo)</mark></li><li><mark style="background-color:rgba(0, 0, 0, 0)" class="has-inline-color has-very-dark-gray-color">Spots publicitaires</mark></li><li><mark style="background-color:rgba(0, 0, 0, 0)" class="has-inline-color has-very-dark-gray-color">Pack Shots</mark></li><li><mark style="background-color:rgba(0, 0, 0, 0)" class="has-inline-color has-very-dark-gray-color">Films institutionnels</mark></li><li><mark style="background-color:rgba(0, 0, 0, 0)" class="has-inline-color has-very-dark-gray-color">Evènements internes (Team Building, Soirée entreprise)</mark></li><li><mark style="background-color:rgba(0, 0, 0, 0)" class="has-inline-color has-very-dark-gray-color">Evénements externes (Salons, Forums, Festivals, Conférences&#8230;etc)</mark></li><li><mark style="background-color:rgba(0, 0, 0, 0)" class="has-inline-color has-very-dark-gray-color">Documentaires</mark></li><li><mark style="background-color:rgba(0, 0, 0, 0)" class="has-inline-color has-very-dark-gray-color">Reportages</mark></li><li><mark style="background-color:rgba(0, 0, 0, 0)" class="has-inline-color has-very-dark-gray-color">Clips vidéo</mark></li><li><mark style="background-color:rgba(0, 0, 0, 0)" class="has-inline-color has-very-dark-gray-color">Courts et longs métrages..</mark></li><li><mark style="background-color:rgba(0, 0, 0, 0)" class="has-inline-color has-very-dark-gray-color">Captation d’images</mark></li><li><mark style="background-color:rgba(0, 0, 0, 0)" class="has-inline-color has-very-dark-gray-color">Créateur de contenus pour la télévision, le cinéma, le web, les réseaux sociaux&#8230; </mark></li><li><mark style="background-color:rgba(0, 0, 0, 0)" class="has-inline-color has-very-dark-gray-color">Vos besoins sont mes idées !</mark></li></ul>

<p>Passionné d’images et de cinéma, je me considère comme un « artistan » (Artisan et Artiste). Tout d’abord journaliste sportif, reporter et rédacteur à la fin des années 90, mon expérience durant les années 2000 a toujours gravité autour du montage, cadrage et de la réalisation de films, de spots en métropole. Arrivé sur l’île de La Réunion en 2010 j’ai créé le site Lifestyle974.com site journalistique spécialisé dans les sports extrêmes (reportages, portraits, interviews, documentaires, spots&#8230;.) et ai réalisé&hellip;</p>
